.
72
1557 (base 9) to base 2
10010100010
1000220101 (base 3) to base 12
b931
778 (base 14) to base 15
688
4c (base 16) to base 13
5b
-b1 (base 14) to base 16
-9b
Convert -241313 (base 7) to base 13.
-16b8c
What is 222 (base 16) in base 10?
546
-37783 (base 9) to base 10
-25428
21111 (base 5) to base 10
1406
1011 (base 7) to base 8
537
Convert -1111 (base 8) to base 4.
-21021
Convert -1a59 (base 11) to base 10.
-2605
Convert -15004 (base 7) to base 15.
-134a
What is -3301 (base 5) in base 14?
-243
-2103 (base 12) to base 4
-320103
What is 20135 (base 6) in base 10?
2651
2bc5 (base 15) to base 6
111322
11001110011 (base 2) to base 10
1651
Convert -200013 (base 4) to base 8.
-4007
What is 25312 (base 10) in base 12?
12794
-11202210 (base 3) to base 2
-110110010101
Convert 101110111 (base 2) to base 7.
1044
What is -1110101100 (base 2) in base 6?
-4204
What is -1048 (base 10) in base 12?
-734
What is -2122112220 (base 3) in base 14?
-1501b
-1141 (base 5) to base 15
-b6
Convert -101101101 (base 2) to base 10.
-365
What is -16224 (base 9) in base 16?
-2b6f
Convert 1221020 (base 4) to base 15.
1ed8
What is 7a1 (base 11) in base 9?
1274
Convert bb (base 12) to base 7.
263
Convert -5918 (base 12) to base 16.
-26e4
What is 1100 (base 4) in base 2?
1010000
What is 540 (base 13) in base 11?
746
Convert -510 (base 11) to base 13.
-385
What is -6721 (base 9) in base 12?
-2a54
-1002221021 (base 3) to base 10
-21823
Convert -306 (base 9) to base 16.
-f9
580 (base 13) to base 15
434
What is 54065 (base 7) in base 3?
200102012
-53638 (base 9) to base 13
-1321a
What is -ad4 (base 14) in base 2?
-100001100010
Convert 6145 (base 13) to base 5.
412113
What is 3421 (base 8) in base 11?
13a5
What is 146 (base 12) in base 7?
402
What is 202244 (base 5) in base 9?
10014
10044 (base 6) to base 12
924
What is -1010210 (base 3) in base 10?
-831
Convert 100212222 (base 3) to base 10.
7208
What is 10111011000100 (base 2) in base 6?
131232
-59b9 (base 15) to base 6
-224150
What is 2142 (base 6) in base 2?
111101110
Convert -101413 (base 7) to base 9.
-25724
Convert -77d (base 15) to base 6.
-11501
Convert -2756 (base 8) to base 2.
-10111101110
6456 (base 7) to base 11
17a7
3002322 (base 4) to base 2
11000010111010
What is -38224 (base 10) in base 7?
-216304
Convert 17a42 (base 11) to base 6.
312422
Convert 5045 (base 12) to base 10.
8693
What is -5a9 (base 13) in base 14?
-504
3a4 (base 14) to base 13
444
What is 362 (base 11) in base 9?
528
-11005 (base 9) to base 10
-7295
2970 (base 13) to base 5
143011
Convert -11627 (base 9) to base 16.
-1e79
Convert -806 (base 14) to base 5.
-22244
Convert -5003 (base 7) to base 6.
-11542
Convert 231 (base 9) to base 10.
190
Convert 111 (base 7) to base 6.
133
Convert 2544 (base 9) to base 16.
76f
Convert 18b (base 14) to base 15.
164
1542 (base 9) to base 5
14142
Convert 15f (base 16) to base 6.
1343
What is 145b8 (base 14) in base 4?
30111212
Convert 2043 (base 5) to base 11.
229
Convert 1091 (base 10) to base 16.
443
What is -140a (base 12) in base 9?
-3151
Convert e47 (base 16) to base 2.
111001000111
What is 1223 (base 5) in base 4?
2330
9c7 (base 14) to base 15
894
What is -2010120 (base 3) in base 9?
-2116
What is 1411 (base 5) in base 16?
e7
810 (base 11) to base 16
3d3
Convert 11011100110111 (base 2) to base 10.
14135
-1407 (base 8) to base 6
-3331
-1274 (base 8) to base 2
-1010111100
Convert f2b (base 16) to base 7.
14215
c73 (base 14) to base 3
10100212
-38737 (base 10) to base 12
-1a501
What is 14720 (base 11) in base 12?
10082
-ad6 (base 14) to base 12
-12b0
What is 580 (base 11) in base 7?
2010
Convert -154a (base 12) to base 7.
-10210
8250 (base 15) to base 9
41673
What is -103003 (base 9) in base 7?
-343353
Convert -312 (base 11) to base 10.
-376
What is 466 (base 8) in base 13?
1ab
What is 32011 (base 4) in base 12?
631
What is 1b36 (base 13) in base 8?
10005
What is -20302 (base 5) in base 4?
-110233
What is 1110 (base 14) in base 4?
232022
Convert 29d4 (base 16) to base 6.
121324
What is 230a7 (base 11) in base 10?
33392
Convert -1b3a (base 15) to base 9.
-8081
Convert 21020122 (base 3) to base 10.
5282
1cf (base 16) to base 8
717
1a2 (base 12) to base 11
222
-10548 (base 9) to base 15
-2125
What is 2333 (base 7) in base 10?
857
Convert 275 (base 12) to base 14.
1cd
Convert -332010 (base 4) to base 10.
-3972
Convert -235a (base 11) to base 14.
-11aa
Convert -1919 (base 13) to base 4.
-322130
Convert 12143 (base 5) to base 10.
923
What is -d6b (base 14) in base 11?
-1a93
-2210 (base 8) to base 5
-14120
Convert 25f (base 16) to base 15.
2a7
-235 (base 13) to base 11
-318
What is 4243 (base 10) in base 6?
31351
What is 50d (base 15) in base 7?
3214
Convert 302202 (base 4) to base 6.
22550
-513 (base 12) to base 5
-10420
What is 141ec (base 15) in base 5?
4031242
Convert 4686 (base 10) to base 13.
2196
Convert 699 (base 10) to base 13.
41a
Convert -202002 (base 3) to base 16.
-21e
Convert -120122210 (base 3) to base 13.
-5271
-47b9 (base 13) to base 2
-10011110001011
Convert 11302332 (base 4) to base 16.
5cbe
Convert -200101 (base 3) to base 13.
-2c2
3132422 (base 5) to base 2
1100110000001101
-148 (base 9) to base 2
-1111101
264 (base 15) to base 2
1000100000
-210121 (base 5) to base 9
-10428
-10111111111 (base 2) to base 16
-5ff
Convert -593 (base 10) to base 15.
-298
Convert -33232 (base 4) to base 9.
-1337
Convert 237a (base 16) to base 6.
110014
Convert -12672 (base 12) to base 14.
-923c
-1430114 (base 5) to base 15
-8d74
What is -324104 (base 5) in base 10?
-11154
What is -780 (base 11) in base 16?
-3a7
What is a9b (base 16) in base 8?
5233
Convert -13155 (base 7) to base 5.
-103034
What is -102336 (base 9) in base 15?
-13023
What is -1267 (base 16) in base 9?
-6414
What is 11101101 (base 2) in base 6?
1033
-59a5 (base 14) to base 3
-210102212
Convert 1006 (base 13) to base 5.
32303
14123 (base 6) to base 13
1011
What is -42133 (base 5) in base 4?
-223221
What is 1461 (base 8) in base 6?
3441
2311 (base 12) to base 15
1251
What is -47808 (base 9) in base 7?
-162206
Convert 3775 (base 14) to base 3.
111022112
Convert -344 (base 10) to base 6.
-1332
-83 (base 10) to base 8
-123
1222210 (base 3) to base 16
5ac
What is -31111 (base 6) in base 8?
-10063
Convert -1100000110000 (base 2) to base 7.
-24024
What is 257 (base 10) in base 5?
2012
Convert -20c (base 14) to base 7.
-1115
What is -518 (base 15) in base 5?
-14043
Convert 1000100101 (base 2) to base 7.
1413
2a7b (base 12) to base 3
20211212
What is -343524 (base 7) in base 8?
-167605
312 (base 12) to base 6
2022
431421 (base 6) to base 4
20220211
Convert -2139 (base 10) to base 9.
-2836
-1583 (base 9) to base 7
-3345
What is -2340 (base 9) in base 7?
-5031
Convert 4550 (base 7) to base 16.
674
What is -1312 (base 7) in base 16?
-1f3
Convert 162 (base 10) to base 14.
b8
-1364 (base 8) to base 4
-23310
-76717 (base 8) to base 10
-32207
Convert -20010 (base 3) to base 2.
-10100101
52032 (base 6) to base 8
15424
Convert 13304 (base 5) to base 4.
100313
-1511 (base 9) to base 13
-6a0
263 (base 12) to base 13
21c
Convert 437a8 (base 11) to base 5.
4013042
What is 20002110 (base 3) in base 5?
120230
-1111221 (base 3) to base 16
-451
Convert -100110000001111 (base 2) to base 10.
-19471
4335 (base 7) to base 9
2106
850 (base 10) to base 12
5aa
Convert -1255 (base 6) to base 5.
-2243
What is -15a (base 14) in base 2?
-100010100
What is -172 (base 8) in base 13?
-95
What is -1842 (base 14) in base 16?
-1112
-1101111110 (base 2) to base 3
-1020010
Convert -7528 (base 10) to base 15.
-236d
15646 (base 7) to base 5
120234
7433 (base 16) to base 14
abab
-3441 (base 12) to base 9
-7864
1103 (base 10) to base 7
3134
13463 (base 7) to base 2
111001010111
Convert -198 (base 16) to base 7.
-1122
What is 120211220 (base 3) in base 10?
11553
10011011000101 (base 2) to base 5
304200
Convert 210331 (base 4) to base 16.
93d
Convert -127 (base 8) to base 9.
-106
What is b (base 16) in base 12?
b
Convert -2660 (base 10) to base 14.
-d80
Convert 3071 (base 9) to base 13.
1042
Convert 1619 (base 14) to base 12.
2347
What is 1323023 (base 5) in base 12?
134ba
Convert -341445 (base 6) to base 11.
-1a794
996 (base 11) to base 5
14234
-1395 (base 15) to base 9
-5665
What is 110010100011 (base 